composite number?
False
Is 6931 a prime number?
False
Is 20887 prime?
True
Is 18947 composite?
False
Is 491159 a prime number?
True
Is 87767 a composite number?
False
Is 263533 a composite number?
False
Is 839 a prime number?
True
Is 329457 composite?
True
Is 9383 a prime number?
False
Is 97327 prime?
True
Is 230135 a prime number?
False
Is 60209 a composite number?
False
Is 560617 composite?
False
Is 547367 composite?
True
Is 554407 prime?
False
Is 72511 a prime number?
False
Is 9293 a composite number?
False
Is 116411 a prime number?
True
Is 8779 composite?
False
Is 15163 a composite number?
True
Is 53267 a composite number?
False
Is 547007 a composite number?
False
Is 15685 prime?
False
Is 649862 a composite number?
True
Is 3319 prime?
True
Is 28513 composite?
False
Is 112769 composite?
True
Is 116431 prime?
False
Is 4883 a prime number?
False
Is 229289 composite?
True
Is 50689 a prime number?
False
Is 2077 a composite number?
True
Is 10261 composite?
True
Is 32531 composite?
False
Is 29901 prime?
False
Is 52759 prime?
False
Is 34211 composite?
False
Is 235085 a composite number?
True
Is 329009 composite?
False
Is 1361 a composite number?
False
Is 18839 composite?
False
Is 661823 a prime number?
True
Is 2400797 a prime number?
False
Is 4699 prime?
False
Is 824921 a prime number?
True
Is 3985 composite?
True
Is 478481 a composite number?
False
Is 10391 prime?
True
Is 53479 a prime number?
True
Is 51941 composite?
False
Is 154221 a prime number?
False
Is 22009 a composite number?
True
Is 176849 composite?
False
Is 47131 composite?
True
Is 15859 a composite number?
False
Is 419 a composite number?
False
Is 395657 prime?
True
Is 62581 prime?
True
Is 1847 a composite number?
False
Is 19031 prime?
True
Is 54437 a prime number?
True
Is 10349 composite?
True
Is 165441 composite?
True
Is 2328227 a prime number?
False
Is 82633 composite?
False
Is 2005 prime?
False
Is 5077 a prime number?
True
Is 430229 prime?
False
Is 749323 a composite number?
False
Is 1901 a prime number?
True
Is 1361 a composite number?
False
Is 124427 a composite number?
False
Is 6353 composite?
False
Is 381035 a prime number?
False
Is 14369 prime?
True
Is 13747 a prime number?
False
Is 7223461 prime?
False
Is 69429 a prime number?
False
Is 1535 composite?
True
Is 73999 a composite number?
False
Is 16999 a prime number?
False
Is 1009651 prime?
True
Is 4645 composite?
True
Is 6007 a prime number?
True
Is 135381 a prime number?
False
Is 270293 composite?
True
Is 94049 a prime number?
True
Is 404933 composite?
True
Is 3421 prime?
False
Is 22739 a composite number?
False
Is 20633 prime?
False
Is 57167 prime?
False
Is 532993 a prime number?
True
Is 500989 a prime number?
False
Is 134989 a composite number?
False
Is 8951 prime?
True
Is 8923 a prime number?
True
Is 434179 prime?
True
Is 13591 a composite number?
False
Is 63877 a prime number?
False
Is 154363 a composite number?
True
Is 580739 composite?
True
Is 2098 composite?
True
Is 6017 prime?
False
Is 136691 a prime number?
True
Is 10079 a composite number?
False
Is 140047 prime?
False
Is 8803 composite?
False
Is 49809 a composite number?
True
Is 13613 a composite number?
False
Is 5153 a composite number?
False
Is 25798 composite?
True
Is 27785 a composite number?
True
Is 5923 composite?
False
Is 14489 a prime number?
True
Is 2623489 a prime number?
False
Is 175753 a composite number?
False
Is 90059 a prime number?
True
Is 17267 a composite number?
True
Is 149143 composite?
False
Is 2372953 a composite number?
True
Is 51449 composite?
False
Is 635777 a prime number?
True
Is 310573 a composite number?
True
Is 33197 a composite number?
True
Is 48561 a composite number?
True
Is 76331 composite?
True
Is 99103 a prime number?
True
Is 828517 a composite number?
False
Is 1091177 a prime number?
True
Is 103339 a composite number?
True
Is 28907 a prime number?
False
Is 15091 composite?
False
Is 4128581 a composite number?
False
Is 31989 a composite number?
True
Is 160959 a composite number?
True
Is 164267 a prime number?
True
Is 907363 composite?
False
Is 135241 a prime number?
True
Is 7069 a prime number?
True
Is 65015 composite?
True
Is 127945 a composite number?
True
Is 2521 prime?
True
Is 11467 composite?
False
Is 153817 prime?
True
Is 787467 prime?
False
Is 215653 a prime number?
True
Is 42803 composite?
True
Is 1931 a composite number?
False
Is 2815 a composite number?
True
Is 2293 prime?
True
Is 2921 a composite number?
True
Is 605443 prime?
True
Is 91883 composite?
True
Is 407183 prime?
False
Is 673 a composite number?
False
Is 522371 a prime number?
True
Is 86573 composite?
False
Is 69163 composite?
False
Is 77213 composite?
False
Is 10813 composite?
True
Is 325471 a composite number?
True
Is 1346 a prime number?
False
Is 744233 a prime number?
False
Is 39247 prime?
False
Is 694 composite?
True
Is 304349 a composite number?
False
Is 126059 a composite number?
True
Is 2879 a prime number?
True
Is 5323 composite?
False
Is 35201 a composite number?
False
Is 52586 composite?
True
Is 72133 a prime number?
False
Is 1561 a prime number?
False
Is 8509 a composite number?
True
Is 27971 a composite number?
True
Is 2537909 a prime number?
False
Is 60013 a prime number?
True
Is 1103 composite?
False
Is 2376403 prime?
False
Is 3787 prime?
False
Is 685907 composite?
False
Is 1163 a prime number?
True
Is 231403 a prime number?
False
Is 1801 prime?
True
Is 765709 prime?
False
Is 12185 a composite number?
True
Is 5779 a composite number?
False
Is 804521 a prime number?
True
Is 22735 a composite number?
True
Is 105335 a prime number?
False
Is 45989 a prime number?
True
Is 12471 prime?
False
Is 60493 a prime number?
True
Is 112679 composite?
True
Is 70531 a prime number?
False
Is 5897 a composite number?
False
Is 710121 prime?
False
Is 24317 prime?
True
Is 1162091 composite?
True
Is 5095 a composite number?
True
Is 27785 a composite number?
True
Is 16357 a composite number?
True
Is 1403 composite?
True
Is 42209 a prime number?
True
Is 451201 a composite number?
False
Is 675187 a composite number?
False
Is 960119 a prime number?
True
Is 4699 composite?
True
Is 37319 a composite number?
True
Is 207013 a prime number?
True
Is 1518191 a prime number?
True
Is 491482 a prime number?
False
Is 1541 composite?
True
Is 18041 a composite number?
False
Is 20245 composite?
True
Is 13495 composite?
True
Is 12941 a prime number?
True
Is 215839 a prime number?
False
Is 1202041 prime?
True
Is 124793 prime?
True
Is 46723 prime?
True
Is 36433 a composite number?
False
Is 63239 a prime number?
False
Is 1100422 a prime number?
False
Is 11827 prime?
True
Is 16573 a composite number?
False
Is 359665 composite?
True
Is 7493 a prime number?
False
Is 397673 composite?
False
Is 2111771 a prime number?
True
Is 722539 a composite number?
False
Is 14101 prime?
False
Is 98381 a composite number?
True
Is 41045 a composite number?
True
Is 46951 a composite number?
True
Is 91893 prime?
False
Is 830041 a composite number?
False
Is 121531 composite?
False
Is 44351 a prime number?
True
Is 557 prime?
True
Is 619603 prime?
True
Is 5971 a prime number?
False
Is 10123 prime?
False
Is 166903 composite?
True
Is 90821 prime?
True
Is 135403 a prime number?
True
Is 628699 a composite number?
False
Is 39439 prime?
True
Is 273503 a composite number?
False
Is 487933 composite?
False
Is 7913 composite?
True
Is 94222 prime?
False
Is 5879 composite?
False
Is 688642 composite?
True
Is 97327 a prime number?
True
Is 143643 a prime number?
False
Is 35687 a prime number?
False
Is 94762 a prime number?
False
Is 146191 prime?
True
Is 4267 composite?
True
Is 6197 a prime number?
True
Is 141055 a prime number?
False
Is 1211 prime?
False
Is 59407 prime?
True
Is 56657 prime?
False
Is 39293 composite?
False
Is 5581 composite?
False
Is 8641 composite?
False
Is 1887307 a composite number?
False
Is 400123 prime?
True
Is 344377 prime?
False
Is 8719 prime?
True
Is 99989 composite?
False
Is 227945 a prime number?
False
Is 77929 a composite number?
False
Is 746 prime?
False
Is 31007 prime?
False
Is 60589 composite?
False
Is 1637 prime?
True
Is 99599 composite?
True
Is 188333 prime?
True
Is 155053 prime?
False
Is 83701 a prime number?
True
Is 3089 prime?
True
Is 344139 a composite number?
True
Is 1299835 composite?
T